{"id":34677,"date":"2016-09-13T19:38:51","date_gmt":"2016-09-13T17:38:51","guid":{"rendered":"https:\/\/www.alexandertechnique.be\/fr\/?post_type=tribe_events&#038;p=34677"},"modified":"2016-09-13T19:40:41","modified_gmt":"2016-09-13T17:40:41","slug":"presence-salon-plus-8-9-octobre-2016","status":"publish","type":"tribe_events","link":"https:\/\/www.alexandertechnique.be\/fr\/agenda\/presence-salon-plus-8-9-octobre-2016\/","title":{"rendered":"Pr\u00e9sence au Salon Plus du 8 et 9 octobre 2016"},"content":{"rendered":"<p>Je serai pr\u00e9sent au salon du bien-\u00eatre organis\u00e9 par Agenda Plus le week-end du<\/p>\n<p>8 et 9 octobre 2016.<\/p>\n<p>J&rsquo;y animerai un atelier d&rsquo;introduction \u00e0 la Technique Alexander le samedi \u00e0 18h sur le th\u00e8me de l&rsquo;importance du rapport dynamique correct entre la t\u00eate et la colonne vert\u00e9brale.<\/p>\n<p>Inscription au stand du salon (en principe le stand 42).<\/p>\n<p>&nbsp;<\/p>\n<p><img loading=\"lazy\" decoding=\"async\" class=\"aligncenter size-full wp-image-34674\" src=\"https:\/\/www.alexandertechnique.be\/AT\/uploads\/2016\/09\/salon-plus-affiche-oct-2016.jpg\" alt=\"salon-plus-affiche-oct-2016\" width=\"464\" height=\"623\" srcset=\"https:\/\/www.alexandertechnique.be\/AT\/wp-content\/uploads\/2016\/09\/salon-plus-affiche-oct-2016.jpg 464w, https:\/\/www.alexandertechnique.be\/AT\/wp-content\/uploads\/2016\/09\/salon-plus-affiche-oct-2016-223x300.jpg 223w\" sizes=\"auto, (max-width: 464px) 100vw, 464px\" \/><\/p>\n","protected":false},"excerpt":{"rendered":"<p>Je serai pr\u00e9sent au salon du bien-\u00eatre organis\u00e9 par Agenda Plus le week-end du 8 et 9 octobre 2016. J&rsquo;y animerai un atelier d&rsquo;introduction \u00e0 la Technique Alexander le samedi&#8230;<\/p>\n","protected":false},"author":2,"featured_media":0,"template":"","meta":{"_tribe_events_status":"","_tribe_events_status_reason":"","footnotes":""},"tags":[],"tribe_events_cat":[60,78],"class_list":["post-34677","tribe_events","type-tribe_events","status-publish","tribe_events_cat-ateliers","tribe_events_cat-portes-ouvertes","cat_ateliers","cat_portes-ouvertes"],"_links":{"self":[{"href":"https:\/\/www.alexandertechnique.be\/fr\/wp-json\/wp\/v2\/tribe_events\/34677","targetHints":{"allow":["GET"]}}],"collection":[{"href":"https:\/\/www.alexandertechnique.be\/fr\/wp-json\/wp\/v2\/tribe_events"}],"about":[{"href":"https:\/\/www.alexandertechnique.be\/fr\/wp-json\/wp\/v2\/types\/tribe_events"}],"author":[{"embeddable":true,"href":"https:\/\/www.alexandertechnique.be\/fr\/wp-json\/wp\/v2\/users\/2"}],"version-history":[{"count":0,"href":"https:\/\/www.alexandertechnique.be\/fr\/wp-json\/wp\/v2\/tribe_events\/34677\/revisions"}],"wp:attachment":[{"href":"https:\/\/www.alexandertechnique.be\/fr\/wp-json\/wp\/v2\/media?parent=34677"}],"wp:term":[{"taxonomy":"post_tag","embeddable":true,"href":"https:\/\/www.alexandertechnique.be\/fr\/wp-json\/wp\/v2\/tags?post=34677"},{"taxonomy":"tribe_events_cat","embeddable":true,"href":"https:\/\/www.alexandertechnique.be\/fr\/wp-json\/wp\/v2\/tribe_events_cat?post=34677"}],"curies":[{"name":"wp","href":"https:\/\/api.w.org\/{rel}","templated":true}]}}

Présence au Salon Plus du 8 et 9 octobre 2016

<p>Je serai présent au salon du bien-être organisé par Agenda Plus le week-end du</p>
<p>8 et 9 octobre 2016.</p>
<p>J&rsquo;y animerai un atelier d&rsquo;introduction à la Technique Alexander le samedi à 18h sur le thème de l&rsquo;importance du rapport dynamique correct entre la tête et la colonne vertébrale.</p>
<p>Inscription au stand du salon (en principe le stand 42).</p>
<p>&nbsp;</p>
<p><img loading="lazy" decoding="async" class="aligncenter size-full wp-image-34674" src="https://www.alexandertechnique.be/AT/uploads/2016/09/salon-plus-affiche-oct-2016.jpg" alt="salon-plus-affiche-oct-2016" width="464" height="623" srcset="https://www.alexandertechnique.be/AT/wp-content/uploads/2016/09/salon-plus-affiche-oct-2016.jpg 464w, https://www.alexandertechnique.be/AT/wp-content/uploads/2016/09/salon-plus-affiche-oct-2016-223x300.jpg 223w" sizes="auto, (max-width: 464px) 100vw, 464px" /></p>

<p>Je serai présent au salon du bien-être organisé par Agenda Plus le week-end du 8 et 9 octobre 2016. J&rsquo;y animerai un atelier d&rsquo;introduction à la Technique Alexander le samedi&#8230;</p>
